= -n + 17. What is the remainder when f is divided by v(-6)?
19
Suppose 2*m - 708 = 52. Suppose x + m = 5*x. Let l = 143 + -123. What is the remainder when x is divided by l?
15
Suppose -11*i = r - 9*i + 2, i = 5*r - 45. Let z be (7/1)/(-1 - (-20)/25). Calculate the remainder when ((-60)/14)/(5/z) is divided by r.
6
Suppose 8*u - 5990 = -518. Suppose -25*h + 31*h - u = 0. Calculate the remainder when h is divided by 59.
55
What is the remainder when 3482 - (20 + -4 + 132/(-12)) is divided by 58?
55
Let q = -124 + 370. Suppose -33*x + q = -27*x. What is the remainder when 203 is divided by x?
39
Suppose -2*o - 3*c + 22 + 0 = 0, 73 = 5*o + 3*c. Suppose 4*g - 262 = -2*j, -g + 64 = -0*g + j. Calculate the remainder when g is divided by o.
16
Let z = 6650 - 6594. Let v = 103 + 110. Calculate the remainder when v is divided by z.
45
Suppose -4*n - 48 = -2*q, 10 = -2*n + 2*q - 14. Let g(j) = j**2 + 10*j - 23. Let p be g(n). What is the remainder when 51 is divided by 21 + p*(-12)/4?
15
Suppose 24*h - 9*h = 3930. Calculate the remainder when h is divided by 81.
19
Calculate the remainder when (21/63)/((-1)/3)*-2947 is divided by 134.
133
Let d be (0 + -1)/(14/(-28)). Suppose -516 - 28 = -d*q - 5*i, -i = q - 272. What is the remainder when q is divided by 21?
20
Suppose -3*b = 3*h - 627, 3*b + 1887 = 9*h + 6*b. Calculate the remainder when h is divided by 71.
68
Suppose -7*s + 344 = -3*s. Let r = -623 - -631. What is the remainder when s is divided by r?
6
Suppose 5*q - 17 - 3 = 0. Suppose s - 275 = -q*s. Let k = 13379 - 13367. Calculate the remainder when s is divided by k.
7
Let p(g) = 30*g**2 + 106*g + 15. Calculate the remainder when 6176 is divided by p(-4).
70
What is the remainder when 3176 is divided by 8/(-24) + 13135/111?
108
Let v(a) = 955*a - 9514. Calculate the remainder when 828 is divided by v(10).
0
Let k(s) = -40*s - 1143. What is the remainder when 677 is divided by k(-29)?
14
Let m = 2130 - 2053. What is the remainder when m is divided by 3?
2
Let o(v) = v**3 + 2*v - 1. Let r be o(1). Suppose -r*y = 20 - 188. Calculate the remainder when y is divided by 10 + (-3 - (0 - 4)).
7
Let x(v) = 215*v + 1625. What is the remainder when x(-5) is divided by 134?
14
Suppose 2*r - 144 = 4*y, 0*r + 107 = -3*y + r. Let p = 38 + y. Suppose -12 = p*n, 10 = -2*h - h - 4*n. What is the remainder when 4 is divided by h?
0
Suppose l - 7 = 4*h, 50 = 4*l - h - 4*h. Let w = l - 0. Suppose 0 = -4*r - 2*m + 116, -r + 3*m + 44 = 29. What is the remainder when r is divided by w?
12
Suppose 5*n - 174 - 441 = b, 0 = 3*b + 15. Calculate the remainder when 973 is divided by n.
119
Let j be -34*((-45)/(-10) + 0). Suppose 4*a - 276 = -20. Calculate the remainder when a is divided by ((-24)/(-18))/((-6)/j).
30
Let j = 276 - 273. Suppose -j*f + 756 = 24*f. Let s(v) = -2*v - 8. What is the remainder when f is divided by s(-8)?
4
Suppose -324 = -10*z + 110 + 506. What is the remainder when 542 is divided by z?
72
Suppose -4*u - 14*y = -722, 12*y - 17*y + 503 = 3*u. Calculate the remainder when u is divided by 80.
76
Let j(y) = -125*y - 5. Let f be j(2). Let c = 338 + f. Suppose 3*x + 5*v = 7*x - 51, x + v = 15. Calculate the remainder when c is divided by x.
13
Let r = -19535 - -19539. What is the remainder when 79 is divided by r?
3
Let a = -265 - -295. Suppose b + 89 + 39 = 3*q, -5*b - 124 = -3*q. Calculate the remainder when q is divided by (a/(-8))/((-41)/164).
13
Let b be ((-46)/(-6))/(3/27). Suppose -41 + b = 7*j. Calculate the remainder when 174 is divided by j/(-10) + (-222)/(-5).
42
Suppose 0 = 4*l - 6 - 6, -2*s + 2*l = 56. Let m = s - -30. Suppose 0 = 4*a + 3*i - 187, -a + m*i + 29 + 12 = 0. Calculate the remainder when a is divided by 13.
7
Suppose -3*r - y = -1399, -4*y = r - y - 469. Let x = 479 - r. Let m = 119 - 69. What is the remainder when m is divided by x?
11
Let y(r) = r**2 + 198*r + 6984. What is the remainder when 401 is divided by y(-45)?
5
Suppose 3*w = 47 - 32. Let b(u) = -u + 27*u**2 + w*u**2 - 9*u**2. What is the remainder when 44 is divided by b(-1)?
20
Let o(z) = -4*z + 2. Let w = 95 + -95. Suppose w = -10*m - m + 209. Calculate the remainder when m is divided by o(-2).
9
Let j = -2611 - -2715. What is the remainder when 256 is divided by j?
48
Suppose 4*q - 5 - 3 = 0. Let o(h) = -h**3 + 19*h**2 - 36*h + 16. Let t be o(17). Calculate the remainder when (t/q)/((-39)/65) is divided by 9.
6
Suppose -2*p + 3*x + 204 = 0, -3*p = -6*p - 2*x + 332. Suppose 94 = 4*s - 54. What is the remainder when p is divided by s?
34
Let q(n) = 11*n + 1113. What is the remainder when q(-91) is divided by 64?
48
Let o = -197 + 181. What is the remainder when (12/o*34 - 5)*-16 is divided by 70?
68
Let z(v) = -v**3 + 12*v**2 - 21*v + 46. Calculate the remainder when 5147 is divided by z(10).
35
Suppose 0 = 414*u - 550*u + 122128. Calculate the remainder when u is divided by 100.
98
Suppose -58*k - 66 = -52*k. Suppose -68 + 14 = -4*d - 3*h, 4*d - 50 = -h. Let a = d + k. Calculate the remainder when 6 is divided by a.
0
Suppose 3*i + 2*g - 4 = -3*g, 5*i - 3*g - 18 = 0. Let f(a) = 8*a**3 - 2*a - 4*a**2 + 5*a - 1 - 11*a**i. What is the remainder when f(-3) is divided by 9?
8
What is the remainder when 753 is divided by 180/(-80) - 495/(-12)?
12
Suppose q - 39 = -1. Let p(k) = k**3 + 3*k**2 - 10*k + 10. Let v be 0 + 4/(-3) + 120/36. Calculate the remainder when q is divided by p(v).
8
Let o(s) = -2*s**3 - 5*s**2 + 117*s + 568. Calculate the remainder when 3237 is divided by o(-5).
105
Let t = -111 + 110. Let f(d) = -12*d**3 - d**2 + 2*d + 2. Let g be f(t). Suppose g*i - 712 = 3*i. Calculate the remainder when i is divided by 13.
11
Let o(x) = 27*x + 37. Let g(p) = p**3 - 11*p**2 + 3*p - 4. Suppose -5*u + 6 = -2*c + 3, 0 = -c + 4*u - 9. What is the remainder when g(c) is divided by o(-1)?
9
Let w(o) = -124*o + 2. Calculate the remainder when w(-1) is divided by (-1 - -1) + (-1020)/(-17) + 10.
56
Suppose 335 = 4*a + z, 0 = 4*a - 2*z - 0*z - 338. Suppose -a = -7*q + 294. Suppose w - 4*w + 57 = 0. Calculate the remainder when q is divided by w.
16
Let d be (12/(-14))/(1/(-154)). Let y = 9 - -4. Calculate the remainder when 12/9*-5*d/(-10) is divided by y.
10
Suppose 37*o - 6850 = 15*o - 28*o. Calculate the remainder when 520 is divided by o.
109
Let b be (-1 + 7)*4*10. Let y = b - 124. What is the remainder when y is divided by 10?
6
Suppose 2*m - 152 = 3*s, 13*m = 16*m + 3*s - 258. Let k(i) = i**3 - 4*i**2 - 8*i + 6. Calculate the remainder when m is divided by k(6).
22
Let b(j) = 3*j - 13. Let r be b(6). Let p be (24/r)/((-2)/10). Let i = p - -43. Calculate the remainder when i is divided by 4.
3
What is the remainder when 1248/8 - (6 + -4 + 6) is divided by 61?
26
Let w(c) = -c**2 + 11*c + 28. Calculate the remainder when 308 is divided by w(8).
48
Let y(t) = t**2 - 84*t + 1439. What is the remainder when 458 is divided by y(63)?
110
Suppose 0*s + 60 = 5*s. Suppose -47 = 33*j + 52. Calculate the remainder when (-1)/j + 1010/30 is divided by s.
10
Let h(b) = b**2 - 30*b + 4. What is the remainder when 1607 is divided by h(-5)?
175
Suppose 3*y + 41 = 3*v - 100, -v - 7*y = -39. Let c(z) = 61*z**2 - z. Calculate the remainder when c(-1) is divided by v.
16
Suppose -239 + 27 = 2*p. Let x = p - -148. Let j = -18 - -27. What is the remainder when x is divided by j?
6
Let z(s) = 2*s + 157. Suppose -4*a + 46 = -3*c, 3*c - c + 38 = -a. What is the remainder when z(c) is divided by 42?
37
Suppose 4*b = 5*m - 35129, 4*m - 3*b - 47669 = -19564. What is the remainder when m is divided by 105?
103
Let y = -2 + 4. Suppose 3*x = y*x + 7. Let j(f) = f**3 + 50*f**2 + 45*f - 169. Calculate the remainder when j(-49) is divided by x.
6
Let y(b) = -10*b + 170. Let s be y(5). Let w = 28 + s. Calculate the remainder when w is divided by 40/(-6)*(-30)/4.
48
What is the remainder when (-1732)/24*-9 - 231/66 is divided by 107?
4
Let t be -3 + -1 + -6 + 4. What is the remainder when 175 is divided by (-266)/t - 8/24?
43
What is the remainder when 482 is divided by 1/(-2) - 23*1*9/(-18)?
9
Suppose 0 = -a - 5*p + 32 - 14, -3*p + 57 = 2*a. Suppose 3*w = -2*k + 376, -4*w + 0*w + 493 = k. What is the remainder when w is divided by a?
23
Let c(a) = 45*a + 59. What is the remainder when 135 is divided 